se 12) in base 16?
92f0ea
Convert -332012130 (base 5) to base 7.
-15140426
What is -9559c (base 15) in base 7?
-4012155
Convert 1111111001101101110 (base 2) to base 12.
211666
Convert -1001010000111000010111 (base 2) to base 6.
-124014435
What is 275806 (base 9) in base 3?
22112220020
What is -20012242443 (base 5) in base 6?
-1541055020
What is -18fff (base 16) in base 15?
-20519
Convert 432360 (base 11) to base 8.
2506022
Convert 202223230220 (base 4) to base 11.
514a956
24eb9 (base 15) to base 10
118074
Convert -13111544 (base 6) to base 9.
-724021
-1101000101100010101111 (base 2) to base 3
-20110021212100
Convert -1140635 (base 9) to base 4.
-2112230210
What is -7565552 (base 8) in base 11?
-1164473
What is -457815 (base 12) in base 3?
-2002111202022
4254422 (base 6) to base 4
303030032
What is -223a252 (base 14) in base 5?
-13131342442
What is -36004 (base 12) in base 4?
-101232010
What is 47976 (base 13) in base 3?
20200000210
Convert -220819a (base 11) to base 4.
-32302110012
What is -306037 (base 8) in base 12?
-4a827
-89825 (base 14) to base 7
-2556445
3420006 (base 11) to base 5
3013110200
251344 (base 8) to base 15
1aa8b
What is -1170e9d (base 15) in base 11?
-7073222
-6831b (base 16) to base 11
-271711
What is -3651166 (base 8) in base 16?
-f5276
Convert 31211223013 (base 4) to base 6.
204203331
What is -314121045 (base 6) in base 7?
-64612460
Convert -1521929 (base 15) to base 11.
-86a6829
What is -215741 (base 8) in base 11?
-4a667
Convert -2002021001 (base 3) to base 16.
-a036
What is 3817881 (base 11) in base 6?
354021402
676237 (base 9) to base 13
11232a
12200120112 (base 3) to base 5
12040311
1152051 (base 9) to base 15
c51d4
What is 6a44 (base 11) in base 15?
2b14
Convert 585a4 (base 11) to base 3.
11022000022
What is 5302200 (base 7) in base 15?
c9700
What is 4751a1 (base 13) in base 6?
100205344
What is -1000022022101 (base 3) in base 2?
-10000011001110011011
-b829cb (base 13) to base 8
-20363111
-10067074 (base 10) to base 5
-10034121244
Convert -2681a (base 15) to base 5.
-12421300
56d6d0 (base 16) to base 5
2424103323
Convert 10001000101100111100 (base 2) to base 13.
167b29
10122220002120 (base 3) to base 11
110a485
What is -136acb (base 15) in base 13?
-269138
-58a38 (base 12) to base 4
-131003030
What is 2a32144 (base 11) in base 12?
18a9596
Convert 154364 (base 9) to base 4.
113031133
Convert -64f438 (base 16) to base 12.
-2270934
10110101010100110 (base 2) to base 5
10432323
What is -22122313331 (base 4) in base 3?
-12010202221022
Convert 2899a47 (base 11) to base 13.
10531c9
Convert 22122220012221 (base 3) to base 15.
60e14a
-334244 (base 8) to base 7
-646606
Convert -b4ab80 (base 14) to base 12.
-2061924
What is -226425 (base 7) in base 11?
-28630
Convert 534356 (base 8) to base 6.
3453554
544973 (base 15) to base 8
17241640
-111145452 (base 6) to base 12
-815288
Convert 5a91055 (base 11) to base 7.
156053043
Convert 84964 (base 12) to base 4.
222201130
Convert -433032 (base 6) to base 4.
-20231030
503525102 (base 6) to base 4
200232320132
What is 120034 (base 5) in base 6?
32202
-a2bcc0 (base 14) to base 11
-3109058
-11220120211121 (base 3) to base 13
-704b03
Convert 80648 (base 10) to base 3.
11002121222
What is -1008238 (base 9) in base 15?
-a93b5
-102002010112120 (base 3) to base 7
-101021406
What is -145442 (base 9) in base 2?
-10101110011010100
Convert 130113232332 (base 4) to base 15.
9bd966
100101000110101100 (base 2) to base 12
73b50
-32331213310 (base 4) to base 2
-1110111101100111110100
What is -11212021201 (base 3) in base 10?
-95707
What is -12001221120211 (base 3) in base 9?
-5057524
Convert 10101010001001111011000 (base 2) to base 10.
5575640
What is 2000002210120 (base 3) in base 7?
12023505
What is 10201111120100 (base 3) in base 14?
396cb5
-93a94b (base 14) to base 4
-103001001213
121264 (base 10) to base 7
1013353
What is 90005 (base 10) in base 15?
1ba05
What is -1296559 (base 12) in base 7?
-43202013
1130122321 (base 4) to base 10
378553
10144043 (base 5) to base 13
2c487
What is 755605 (base 9) in base 3?
211212200012
What is -191047a (base 11) in base 7?
-36336036
-623770 (base 8) to base 2
-110010011111111000
1412301 (base 6) to base 3
11001012001
-147a1 (base 12) to base 2
-111000001101001
52c24 (base 13) to base 11
a2159
Convert -1a367 (base 12) to base 15.
-b637
Convert -7bee6 (base 16) to base 4.
-1323323212
-250bb6 (base 12) to base 10
-603066
What is -225415415 (base 6) in base 11?
-23aa022
-4c8538 (base 13) to base 2
-111000010110001100100
312012211011 (base 4) to base 11
8007767
What is 25734754 (base 9) in base 15?
11a1051
What is 1052103521 (base 6) in base 4?
230022332221
-1000101010110111101 (base 2) to base 7
-2262155
What is -1af60 (base 16) in base 3?
-12121111002
44531442 (base 6) to base 16
149792
Convert -22655546 (base 7) to base 4.
-13213212221
-2614467 (base 8) to base 16
-b1937
What is -930a6b (base 12) in base 5?
-1042200334
Convert 12221101111100 (base 3) to base 14.
5c26b0
Convert -27316100 (base 8) to base 6.
-335254024
cb9153 (base 15) to base 11
5525880
724c48 (base 14) to base 13
a4c87b
What is -65a966 (base 11) in base 15?
-15c457
-301883 (base 12) to base 6
-24021443
What is -24cb2 (base 14) in base 8?
-260314
What is -122231 (base 5) in base 11?
-3585
Convert -835691 (base 12) to base 11.
-118962a
4154 (base 9) to base 5
44141
Convert 3273057 (base 8) to base 2.
11010111011000101111
What is 1ca2b4 (base 14) in base 11?
641500
Convert -1143300302 (base 5) to base 7.
-32025250
What is -100110011100010110 (base 2) in base 15?
-319c7
Convert -34637 (base 13) to base 4.
-113110223
f041c (base 16) to base 8
3602034
Convert -52412534 (base 7) to base 10.
-4423598
What is 210200020121122 (base 3) in base 14?
175c04a
Convert -15617b (base 13) to base 11.
-3303a2
Convert -4b6709 (base 12) to base 6.
-42244413
What is 110101100010100010110 (base 2) in base 10?
1754390
What is -101110001011111110000 (base 2) in base 16?
-1717f0
What is -212323510 (base 6) in base 13?
-a180cb
341666 (base 7) to base 12
2b172
-29833 (base 16) to base 12
-82497
What is -20c1040 (base 13) in base 12?
-3422287
-3021432 (base 5) to base 15
-e4e7
What is -654a8 (base 11) in base 8?
-271577
Convert 6aa5a (base 12) to base 13.
5024b
What is -60517 (base 15) in base 7?
-2406625
-980187 (base 10) to base 9
-1753506
What is 338192 (base 11) in base 15?
a95d1
What is 125251254 (base 6) in base 13?
694906
-12102332213 (base 4) to base 16
-192fa7
What is 642723 (base 8) in base 3?
101220012211
-39781 (base 12) to base 2
-10011010000010001
What is -2310232131 (base 5) in base 9?
-10641527
What is -546225 (base 8) in base 3?
-100022122021
Convert -1402440314 (base 5) to base 16.
-3659e7
13232200333 (base 4) to base 16
1ee83f
1440453 (base 9) to base 5
200404003
1a9d25 (base 15) to base 5
313031320
Convert 1b46d6 (base 16) to base 11.
1011067
-10011111000000111101 (base 2) to base 4
-2133000331
What is -111010010011000000010010 (base 2) in base 3?
-1001202102020012
-747433 (base 11) to base 10
-1195758
2158673 (base 9) to base 12
47bb40
3254234 (base 7) to base 13
11012c
221000220020 (base 3) to base 9
830806
Convert -a41a3 (base 14) to base 6.
-12250523
-103222302 (base 4) to base 15
-18d0c
-130023323130 (base 4) to base 5
-3342421032
Convert 220011200122 (base 3) to base 9.
804618
Convert 66888 (base 9) to base 7.
243434
Convert 11011101011000100111 (base 2) to base 15.
12da2b
-12210223212 (base 4) to base 8
-6445346
What is 13a95 (base 12) in base 5?
1334343
What is 4a1af2 (base 16) in base 9?
10121850
Convert -2395a6 (base 11) to base 14.
-9c03b
Convert 264528 (base 13) to base 4.
3201133203
Convert -10000001100001100011111 (base 2) to base 14.
-7c6a51
-2134521 (base 6) to base 3
-12101110011
What is 64224122 (base 7) in base 11?
3093a48
What is 5937298 (base 10) in base 11?
3395864
Convert 131323301 (base 4) to base 5.
12410414
-4324111 (base 5) to base 4
-101332320
-18f438 (base 16) to base 9
-3062283
What is -1343020241 (base 5) in base 15?
-48cbeb
Convert 21582 (base 16) to base 8.
412602
What is 800322 (base 10) in base 11?
4a7326
What is 84b3a2 (base 12) in base 3?
10221100021112
11640075 (base 8) to base 13
6c0b00
Convert 122032332222 (base 4) to base 16.
68efaa
Convert -47954 (base 12) to 